- 5892. Is q prime?
False
Suppose -g - 228198 = -5*p, 9*p = 12*p + 4*g - 136951. Is p composite?
False
Suppose 606*v = -4*k + 605*v + 557930, 4*v + 8 = 0. Is k prime?
True
Suppose 2*b = 2*k + 966, k = 4*b + 154 - 622. Let h = 1149 - k. Is h prime?
True
Suppose 4 = 2*l + 4. Suppose 2*j - 154 = 2*o - l*o, j + o - 79 = 0. Let p = 65 + j. Is p a prime number?
False
Let m = -8140 + 13649. Suppose 9*r - 16*r = -m. Is r a composite number?
False
Let i(f) = 4*f + 0*f - 2 - 17 + 114*f**2 + 24. Let d(x) = -x**3 + 20*x**2 + x - 14. Let y be d(20). Is i(y) a prime number?
True
Let k be 1446*(56/12*-1 - -5). Suppose -476*y = -k*y + 21558. Is y composite?
False
Is ((-12)/(-18))/((-42)/(-7277949)) prime?
True
Let v = 927 - 229. Suppose 4*y - v = 1466. Is y composite?
False
Let j be 9/((-36)/(-8)) - (2 + 5). Let f be -4 - j - 4 - (1 - -11). Is f/(-20)*(-3086)/(-3)*2 a prime number?
True
Suppose 0 = -26*l + 189637 + 403631. Let k = 32683 - l. Is k composite?
True
Let i be ((-97)/2)/(3/(-6)). Let f = i - 92. Suppose -3*d = -l - 6*d + 494, -2*d - 2453 = -f*l. Is l a prime number?
True
Let w be (15 - -5) + (-1 - -1 - 2). Let i(p) = -p + 22. Let l be i(w). Suppose 1991 = l*g + 75. Is g a prime number?
True
Let b(f) = 22*f**3 - 5*f**2 - 136*f + 16. Is b(15) prime?
False
Suppose -6*s = -12 - 96. Suppose s*z - 67011 = 1767. Is z prime?
True
Suppose -2470*i = -2443*i - 2217321. Is i prime?
False
Let z(m) = -7*m + 3*m**2 + 383 + 20*m**2 - 368. Is z(4) composite?
True
Suppose -3*w + 36 = -0*w. Let i(m) = -m + 17. Let v be i(w). Suppose 0 = -h - 3*u + 910, h = -u + v*u + 931. Is h a prime number?
True
Let k be 29 - 1 - (-39)/26*-2. Is 8337/(-3)*-2 - (-24 + k) composite?
False
Suppose -45*r + 1538589 = 4*r - 10*r. Is r a composite number?
False
Suppose -h + 87 = d, 5*h + 48 = d - 9. Suppose 0 = -78*f + d*f - 54196. Is f a prime number?
False
Suppose 0 = -2*k + 2*r + 2, -k = -5*k - 4*r - 4. Suppose k = -3*z - 2*b + 4*b - 5, -z + b = 1. Is ((-1758)/(-24))/(z/4 - -1) a prime number?
True
Suppose z - 2*y = 0, -z - 4 - 6 = 3*y. Let r(j) = -143*j + 6. Let h(v) = -v - 1. Let q(c) = 3*h(c) + r(c). Is q(z) a prime number?
True
Suppose 5*f - 5*i = 711470, -2*f + 213548 = i - 71049. Is f a composite number?
False
Let c = -268648 + 686019. Is c a composite number?
False
Suppose 164*a = 132*a + 1408096. Is a a prime number?
False
Let k(i) be the first derivative of i - 19. Let r(f) = 379*f - 758. Let y(x) = 758*k(x) + r(x). Is y(1) composite?
False
Let g = 99870 - 56803. Is g prime?
True
Let w be (3 + 39/(-9))/(6/63). Let p(o) = 7*o**2 + 10*o - 61. Is p(w) a prime number?
True
Let k(h) = 172*h - 6. Let v be k(2). Let i = v - -1025. Is i a composite number?
True
Let z(c) = -14094*c. Let q be z(-3). Suppose 0 = -23*h - q + 206065. Is h a composite number?
False
Let h = -1015958 - -1446607. Is h prime?
True
Let c = -53689 - -158706. Is c a prime number?
False
Let o(b) = 1869*b**2 + 173*b - 883. Is o(6) prime?
False
Let p(n) = -21901*n + 8546. Is p(-23) composite?
False
Let r be ((-8)/3)/(-3*(-5)/(-45)). Let a(o) = o**2 - 12*o + 16. Let k be a(r). Is (1277/4)/((-4)/k) composite?
False
Let m = 1098 - -121. Is m a prime number?
False
Let p(o) = 7*o**2 + 237*o**3 - 236*o**3 - 2*o + 11 + 8*o. Let m be p(-6). Is (-12 + m)*-1*257 a composite number?
False
Let a be (-2)/4 - 18/(-12). Let t be (-4)/2 - (-20*1)/5. Suppose 0 = -t*g + a + 1581. Is g a prime number?
False
Suppose 28*r = 34*r - 74988. Suppose 4*f - 13979 = -j + r, -3*f - 5*j + 19862 = 0. Is f composite?
False
Let b be (0*2/(-4))/(1 - -1). Suppose -2*t + t - 10 = b. Let n(y) = y**3 + 12*y**2 + 8*y + 11. Is n(t) a prime number?
True
Suppose 2*s = 4*x + 3970, 2*x - 3518 - 4382 = -4*s. Suppose 5*y = -2*l + s, 2*y - 4957 = -5*l + 4*y. Is l prime?
True
Let t be (4/(-6))/(8/(-60)). Suppose -6*z - 2 = -t*z. Is (-22302)/(-70) + z/(-5) a composite number?
True
Let k = -115 - -174. Let j = k + -51. Is (-165 + 6/3)*(7 - j) prime?
True
Let r(s) = 34*s + 17*s - 22*s + 82*s + 100. Is r(23) prime?
False
Is 7023 - (-11 + 23 + -11) composite?
True
Suppose 3*f = -24 + 30. Suppose -4*i - 23121 = -3*n, f*n = 2*i - 5*i + 15431. Is n prime?
False
Let m(x) = x**3 - 7*x**2 + 5*x + 6. Suppose -6 = 7*a - 8*a. Let y be m(a). Suppose y = 9*i - 6*i - 9807. Is i a prime number?
False
Let q = 285 + -282. Is (2 + -3)*(q + 9760/(-5)) prime?
True
Suppose -434872 = -36*g + 5561657 + 3472947. Is g a prime number?
False
Let s(n) = -2*n - 19. Let i be s(-11). Let c be (-2*i)/((-4)/16998) + 4. Suppose c = 3*f + 6316. Is f a prime number?
False
Suppose -15*c + 9*c + 4572 = 0. Let l = -365 + c. Is l composite?
False
Let h(v) be the third derivative of 31*v**5/60 - v**4/24 + v**3/3 - 10*v**2. Let o be h(1). Is (-2)/(4/(-606)) - o/16 prime?
False
Suppose 0 = 9*i - 4*i - 20, 5*z + 3*i - 1062 = 0. Suppose -z = -11*m + 4*m. Is ((-12)/m)/1 + 7717/5 prime?
True
Let d(f) = f**2 - 5*f + 12. Let a be d(6). Suppose -13610 = -a*u + 8*u. Is u prime?
True
Let l = 7310774 - 4309357. Is l prime?
False
Let u be (12/15)/((-6)/15). Let n(w) = -794*w + 3. Let a be n(u). Suppose 0 = 3*s - 7 - 2, 4*m + s = a. Is m composite?
False
Let o(z) = 2*z + 11. Let w be o(-4). Suppose 3*x + w*t - 90 = 0, 3*x = 6*x - 2*t - 115. Is x a prime number?
False
Let f(o) be the first derivative of 17*o**4/3 - 5*o**3/6 + 7*o**2/2 - 26*o - 20. Let z(l) be the first derivative of f(l). Is z(2) a prime number?
True
Let n be (-139)/(-4) - (3 - (-65)/(-20)). Suppose -33*j + n*j = 68. Suppose -j = -4*l + 154. Is l a prime number?
True
Let x be -62*538/8 - (-640)/(-256). Let q = -2733 - x. Is q a composite number?
False
Is (-62844)/(-2) + -6 + 1 a composite number?
True
Let o = -177284 - -278715. Is o a prime number?
False
Let h(x) = x**2 + 8*x + 10. Let j be h(8). Suppose -5*z + t - 306 = 320, -j = z + 3*t. Let p = 17 - z. Is p a prime number?
False
Suppose -p + 7 = -3. Let q(j) = 3*j + p*j**2 - 3005 + 3069 + 4*j**2. Is q(-9) a prime number?
True
Suppose 5*x = -q + 554963, x - q = -8*q + 110979. Is x prime?
False
Suppose -1021460 = -17*h - 16947. Is h a composite number?
True
Let x(q) = 8*q**2 - 7*q + 18. Let l be (-8)/5*(-7 - (-54)/12). Let c be x(l). Is (1 - (-9)/(-3))/((-4)/c) composite?
False
Let u be ((-9)/6)/((-1)/2). Suppose -19 - 20 = -2*r - 29. Suppose r*y = -5*m + 545, 0*m + u*m - 5*y = 303. Is m prime?
False
Let d = 17561 - 31004. Let z = d - -24010. Is z composite?
False
Let u(g) = -6290*g**3 - 2*g**2 + 4*g + 5. Suppose -4*n + 2*k - 5 = -1, -2*n - 2 = k. Is u(n) prime?
False
Is (3/((-18)/(-143758)))/(364/60 - 6) a prime number?
False
Let d(r) = -1360*r - 7. Suppose -17 = -3*u - 26. Let w be d(u). Suppose 2*p = -3*q + w, -4*p + p = 2*q - 2707. Is q prime?
True
Let i = -37 + 40. Let d be 96/4*i/(-6). Is 4/(16/(-6))*17768/d a prime number?
True
Suppose 22*j + 12 = 25*j, 2518986 = 2*t + 8*j. Is t a prime number?
True
Let m = -171 + 171. Suppose -7*w + 6*w + 13081 = m. Is w a prime number?
False
Let g(a) = a**2 - 9*a - 4. Let h be g(10). Let m be ((-40)/h)/(2*3/(-2421)). Suppose 6*u - 3*u + m = 5*w, 2*u = -5*w + 2715. Is w a prime number?
True
Let a(b) = 532*b + 580*b + 16 - 279 - 116*b. Is a(19) composite?
False
Let g(u) = 5*u + 87. Let k be g(-17). Suppose -2*t - 4*h = -4194, 4*t + 0*h + k*h - 8400 = 0. Is t composite?
True
Suppose 0 = 2*r - 3*k + 2 - 17, -5*r - 5*k = 0. Suppose 3*z = r*y - 24, 2*z = -y - z. Is (118/y)/(2/6) a composite number?
False
Let b(m) = -14*m - 22*m - 53 + 35*m**2 - 61*m**2 + 32*m**2. Is b(23) a composite number?
False
Suppose 133*d + 123*d - 140721328 = 80*d. Is d prime?
True
Let v be 1/(-3) - (-2 - 32/6). Let l(t) = 6*t**3 - 14*t**2 + 9*t - 36. Is l(v) a composite number?
False
Let b = 39 + -124. Let i = b - -88. Is (i + -1)*29454/12 a composite number?
False
Let o(p) be the first derivative of p**4/12 + 5*p**3/2 + 9*p**2/2 - 10*p - 5. Let f(n) be the first derivative of o(n). Is f(13) a composite number?
False
Let o(i) = -i**2 + 14*i + 34. Suppose -7*s = 67 - 179. Let d be o(s). Is 13716/42 + 22/(-14) + d a composite number?
True
Let x(h) = 237*h**3 - 5*h**2 + 37*h - 5. Let u = -150 - -154. Is x(u) a composite number?
True
Let y(r) be the third derivative of 7*r**4/4 - 2*r**3 - 7*r**2. Let b be y(5). Is b - ((-3)/4 - (-2)/(-8)) prime?
True
Let p(f) = f**3 + f**2 - 3*f + 5. Let h be